he highest common factor of 41256 and 1728.
216
What is the highest common divisor of 45 and 6687?
9
What is the highest common factor of 5008 and 464?
16
What is the greatest common factor of 1972 and 24548?
68
Calculate the greatest common divisor of 174 and 2352.
6
What is the highest common factor of 1664 and 24544?
416
What is the highest common factor of 28840 and 160?
40
What is the highest common divisor of 233714 and 909?
101
Calculate the highest common factor of 408 and 5779932.
204
What is the greatest common factor of 585 and 54765?
45
What is the greatest common factor of 65065 and 19250?
385
What is the greatest common divisor of 67260 and 152?
76
What is the greatest common factor of 2148 and 324?
12
Calculate the greatest common divisor of 275 and 49775.
275
What is the highest common divisor of 4776 and 54?
6
Calculate the greatest common divisor of 5240137 and 1407.
469
What is the highest common factor of 12 and 539884?
4
What is the highest common divisor of 30 and 1352595?
15
What is the greatest common factor of 147 and 21651?
21
Calculate the greatest common factor of 7524 and 76.
76
Calculate the greatest common factor of 3905 and 310625.
355
Calculate the highest common factor of 535580 and 160.
20
What is the greatest common divisor of 1032 and 1209848?
344
What is the highest common factor of 4935 and 9387?
21
Calculate the highest common factor of 13268 and 5828.
124
What is the greatest common factor of 92 and 85146?
46
Calculate the highest common factor of 10339 and 1899.
211
What is the highest common divisor of 264 and 665214?
66
Calculate the greatest common factor of 1236 and 309.
309
What is the highest common factor of 828 and 182068?
92
What is the highest common divisor of 10721 and 27331?
151
Calculate the greatest common factor of 16066 and 37118.
554
Calculate the greatest common factor of 410 and 53300.
410
What is the greatest common factor of 103197 and 246?
123
Calculate the greatest common divisor of 200507 and 346.
173
What is the highest common divisor of 64 and 82336?
32
Calculate the highest common factor of 33652 and 1222.
94
What is the greatest common factor of 24 and 15108?
12
Calculate the highest common factor of 2993 and 1679.
73
What is the greatest common divisor of 248679 and 45?
9
Calculate the highest common divisor of 52184 and 27278.
1186
What is the highest common factor of 1316 and 4096?
4
What is the greatest common divisor of 321 and 76933?
107
Calculate the highest common divisor of 2532 and 123857.
211
What is the highest common divisor of 26 and 3021135?
13
What is the greatest common factor of 755136 and 384?
192
What is the highest common factor of 360063 and 198?
99
What is the highest common divisor of 3060300 and 1500?
300
Calculate the highest common factor of 533 and 19578.
13
What is the greatest common divisor of 17935 and 5695?
85
Calculate the greatest common factor of 1895 and 505.
5
Calculate the highest common factor of 4410 and 70462.
98
What is the greatest common divisor of 7153 and 2116?
23
What is the greatest common factor of 50071 and 161?
161
Calculate the greatest common divisor of 3520 and 385.
55
What is the greatest common factor of 844 and 9495?
211
Calculate the greatest common divisor of 6976 and 6649872.
1744
What is the greatest common divisor of 23797 and 57023?
449
What is the highest common factor of 48519 and 162?
81
What is the greatest common factor of 687495 and 90?
15
What is the greatest common factor of 59237 and 37?
37
What is the highest common factor of 2524641 and 1449?
483
What is the highest common factor of 235 and 3420?
5
Calculate the greatest common divisor of 488580 and 68.
68
What is the greatest common factor of 23188 and 4862?
374
What is the greatest common factor of 362196 and 162?
18
Calculate the greatest common factor of 1100 and 32225.
25
What is the highest common divisor of 923754 and 34618?
1822
Calculate the greatest common factor of 297 and 2211.
33
Calculate the highest common factor of 125 and 119125.
125
Calculate the highest common divisor of 449819 and 29.
29
Calculate the greatest common divisor of 739115 and 137.
137
What is the highest common divisor of 785 and 29516?
157
What is the greatest common factor of 9548 and 10626?
154
Calculate the highest common factor of 13489 and 26320.
329
What is the greatest common divisor of 27009 and 351?
9
Calculate the greatest common divisor of 87 and 47966.
29
Calculate the highest common divisor of 416642 and 82.
82
Calculate the highest common divisor of 5872 and 48.
16
Calculate the greatest common factor of 424 and 333635.
53
What is the highest common factor of 275036 and 1044?
116
What is the highest common factor of 196 and 13573?
49
What is the highest common factor of 3175 and 475?
25
What is the highest common divisor of 5784478 and 1652?
826
Calculate the highest common factor of 18 and 346554.
18
Calculate the greatest common factor of 168 and 32158.
14
What is the greatest common divisor of 190 and 266494?
38
Calculate the greatest common factor of 442 and 5576.
34
Calculate the greatest common factor of 36670 and 475.
95
What is the greatest common divisor of 352 and 35296?
32
Calculate the greatest common factor of 1094547 and 23.
23
Calculate the greatest common factor of 1372 and 854.
14
What is the greatest common factor of 2183 and 23606?
37
Calculate the highest common factor of 22 and 20152.
22
Calculate the highest common divisor of 103362 and 1177.
107
What is the highest common factor of 4 and 2375?
1
Calculate the greatest common factor of 279295 and 83.
83
Calculate the greatest common divisor of 170 and 18836.
34
What is the greatest common divisor of 35270 and 5?
5
What is the greatest common divisor of 8775 and 455?
65
Calculate the highest common divisor of 222938 and 83.
83
What is the greatest common divisor of 27209 and 109963?
161
What is the highest common divisor of 2872421 and 11803?
1073
Calculate the highest common factor of 15487 and 119.
17
What is the highest common factor of 175 and 705915?
35
Calculate the highest common factor of 1653 and 73167.
87
What is the greatest common divisor of 667600 and 150?
50
What is the greatest common factor of 56 and 1711948?
28
What is the greatest common divisor of 112 and 325416?
56
Calculate the highest common factor of 2424 and 2042523.
303
What is the highest common factor of 462 and 1019634?
462
Calculate the highest common divisor of 2720 and 433760.
160
Calculate the greatest common divisor of 32809 and 110635.
763
Calculate the highest common divisor of 3740 and 260.
20
What is the highest common divisor of 2716 and 108920?
28
Calculate the highest common divisor of 597519 and 117.
117
What is the highest common divisor of 379742 and 1353?
451
Calculate the highest common divisor of 441 and 70413.
147
What is the highest common divisor of 30 and 32145?
15
What is the highest common divisor of 230 and 686458?
46
Calculate the greatest common factor of 68004 and 72.
36
Calculate the greatest common divisor of 679315 and 130.
65
Calculate the greatest common divisor of 95 and 81605.
95
What is the highest common divisor of 15 and 71835?
15
Calculate the highest common factor of 119142 and 126.
18
Calculate the greatest common factor of 535291 and 103.
103
Calculate the highest common factor of 4352 and 51.
17
What is the highest common factor of 38778 and 2622?
138
What is the highest common factor of 1001 and 37037?
1001
What is the highest common factor of 482681 and 17?
17
Calculate the greatest common divisor of 23865 and 259.
37
What is the highest common factor of 3111 and 609?
3
What is the greatest common divisor of 461497 and 62?
31
Calculate the highest common divisor of 40 and 1372.
4
Calculate the greatest common divisor of 81 and 12075.
3
What is the greatest common factor of 2602 and 320?
2
Calculate the greatest common factor of 68 and 1359082.
34
Calculate the highest common divisor of 55 and 53779.
11
What is the greatest common factor of 6851 and 3247?
17
Calculate the highest common factor of 851989 and 1564.
391
Calculate the greatest common divisor of 56 and 95488.
8
What is the highest common factor of 9362 and 124?
62
Calculate the greatest common f